of 10231426?
2
What is the ten thousands digit of 668489?
6
What is the hundreds digit of 3866502?
5
What is the hundred thousands digit of 183435?
1
What is the ten thousands digit of 110933?
1
What is the hundreds digit of 477080?
0
What is the tens digit of 2973472?
7
What is the ten thousands digit of 1332776?
3
What is the ten thousands digit of 83951?
8
What is the thousands digit of 17669018?
9
What is the ten thousands digit of 1710058?
1
What is the units digit of 3506356?
6
What is the tens digit of 214879?
7
What is the units digit of 492791?
1
What is the ten thousands digit of 14893955?
9
What is the tens digit of 16983463?
6
What is the thousands digit of 595599?
5
What is the tens digit of 151167?
6
What is the tens digit of 671832?
3
What is the tens digit of 18113979?
7
What is the tens digit of 435565?
6
What is the thousands digit of 253538?
3
What is the units digit of 195526?
6
What is the thousands digit of 7336597?
6
What is the units digit of 7029784?
4
What is the tens digit of 28981601?
0
What is the tens digit of 875000?
0
What is the ten thousands digit of 5957931?
5
What is the ten thousands digit of 38739048?
3
What is the units digit of 644109?
9
What is the thousands digit of 4319863?
9
What is the millions digit of 4017495?
4
What is the millions digit of 15211911?
5
What is the hundred thousands digit of 678576?
6
What is the ten thousands digit of 222333?
2
What is the thousands digit of 9460547?
0
What is the hundreds digit of 104566?
5
What is the millions digit of 13560851?
3
What is the ten millions digit of 25768819?
2
What is the units digit of 27855?
5
What is the millions digit of 5696174?
5
What is the units digit of 1378719?
9
What is the tens digit of 77690?
9
What is the thousands digit of 6563410?
3
What is the hundred thousands digit of 1771399?
7
What is the hundred thousands digit of 1610527?
6
What is the thousands digit of 137520?
7
What is the hundred thousands digit of 821576?
8
What is the ten thousands digit of 2086505?
8
What is the hundred thousands digit of 3053939?
0
What is the thousands digit of 7680202?
0
What is the tens digit of 9073358?
5
What is the tens digit of 2115505?
0
What is the hundreds digit of 1315372?
3
What is the ten thousands digit of 22166?
2
What is the hundred thousands digit of 582006?
5
What is the tens digit of 1053532?
3
What is the thousands digit of 2468185?
8
What is the millions digit of 11383915?
1
What is the thousands digit of 2137159?
7
What is the hundred thousands digit of 4942950?
9
What is the units digit of 14365324?
4
What is the tens digit of 236122?
2
What is the units digit of 9954846?
6
What is the millions digit of 1430745?
1
What is the hundred thousands digit of 166453?
1
What is the ten thousands digit of 761534?
6
What is the hundreds digit of 891196?
1
What is the thousands digit of 1155806?
5
What is the hundreds digit of 2739731?
7
What is the hundred thousands digit of 232265?
2
What is the millions digit of 1057544?
1
What is the hundred thousands digit of 231082?
2
What is the ten millions digit of 25370899?
2
What is the thousands digit of 8492806?
2
What is the millions digit of 16560071?
6
What is the tens digit of 245850?
5
What is the hundreds digit of 1795800?
8
What is the hundred thousands digit of 1998749?
9
What is the hundred thousands digit of 759253?
7
What is the thousands digit of 1364574?
4
What is the tens digit of 777150?
5
What is the thousands digit of 1225883?
5
What is the hundreds digit of 1657028?
0
What is the ten thousands digit of 7037932?
3
What is the units digit of 764435?
5
What is the hundreds digit of 41048?
0
What is the tens digit of 417074?
7
What is the hundred thousands digit of 13730730?
7
What is the ten thousands digit of 125612?
2
What is the units digit of 1618946?
6
What is the millions digit of 12801073?
2
What is the tens digit of 474817?
1
What is the millions digit of 11373106?
1
What is the thousands digit of 6889252?
9
What is the thousands digit of 482202?
2
What is the tens digit of 8129898?
9
What is the ten thousands digit of 236432?
3
What is the hundreds digit of 37142?
1
What is the hundred thousands digit of 22267137?
2
What is the units digit of 5588118?
8
What is the ten millions digit of 30400633?
3
What is the thousands digit of 264159?
4
What is the hundreds digit of 56251?
2
What is the units digit of 4932391?
1
What is the hundreds digit of 40117608?
6
What is the units digit of 77152?
2
What is the thousands digit of 22490762?
0
What is the ten thousands digit of 425863?
2
What is the ten thousands digit of 115885?
1
What is the hundreds digit of 5069480?
4
What is the hundreds digit of 257945?
9
What is the hundred thousands digit of 384790?
3
What is the hundred thousands digit of 530181?
5
What is the tens digit of 485778?
7
What is the thousands digit of 1280412?
0
What is the thousands digit of 21886674?
6
What is the ten millions digit of 11668473?
1
What is the tens digit of 3559935?
3
What is the thousands digit of 1634556?
4
What is the tens digit of 96164?
6
What is the ten thousands digit of 21390140?
9
What is the ten thousands digit of 102518?
0
What is the thousands digit of 54494?
4
What is the millions digit of 1337825?
1
What is the millions digit of 20338816?
0
What is the hundred thousands digit of 13679213?
6
What is the millions digit of 14457231?
4
What is the thousands digit of 9024750?
4
What is the units digit of 325870?
0
What is the units digit of 1815653?
3
What is the hundred thousands digit of 191234?
1
What is the thousands digit of 502208?
2
What is the thousands digit of 4157468?
7
What is the ten thousands digit of 12025?
1
What is the hundreds digit of 14569480?
4
What is the tens digit of 4718280?
8
What is the units digit of 30077?
7
What is the thousands digit of 8307535?
7
What is the tens digit of 136435?
3
What is the tens digit of 6229991?
9
What is the tens digit of 1255395?
9
What is the ten thousands digit of 29090?
2
What is the hundred thousands digit of 388416?
3
What is the hundreds digit of 92902?
9
What is the hundreds digit of 24547?
5
What is the tens digit of 2821141?
4
What is the units digit of 882390?
0
What is the millions digit of 30289195?
0
What is the thousands digit of 143935?
3
What is the ten thousands digit of 21747386?
4
What is the hundreds digit of 462089?
0
What is the thousands digit of 2347227?
7
What is the millions digit of 7907587?
7
What is the ten thousands digit of 4972788?
7
What is the hundreds digit of 810798?
7
What is the thousands digit of 18797150?
7
What is the hundred thousands digit of 374174?
3
What is the hundreds digit of 6286119?
1
What is the hundred thousands digit of 7799691?
7
What is the millions digit of 6922749?
6
What is the units digit of 313543?
3
What is the tens digit of 72506?
0
What is the units digit of 572899?
9
What is the hundred thousands digit of 180531?
1
What is the hundred thousands digit of 15838438?
8
What is the units digit of 13265188?
8
What is the units digit of 179660?
0
What is the units digit of 1850582?
2
What is the ten thousands digit of 20718866?
1
What is the units digit of 380191?
1
What is the hundred thousands digit of 14114956?
1
What is the units digit of 43903?
3
What is the tens digit of 79444?
4
What is the hundred thousands digit of 445156?
4
What is the units digit of 52548?
8
What is the ten thousands digit of 8436053?
3
What is the tens digit of 103298?
9
What is the ten thousands digit of 7734806?
3
What is the tens digit of 22572703?
0
What is the ten thousands digit of 240952?
4
What is the hundreds digit of 15676976?
9
What is the units digit of 1264153?
3
What is the hundred thousands digit of 6253110?
2
What is the hundred thousands digit of 17159595?
1
What is the hundred thousands digit of 207053?
2
What is the millions digit of 3421340?
3
What is the hundred thousands digit of 2389492?
3
What is the hundreds digit of 325939?
9
What is the ten thousands digit of 2718001?
1
What is the hundreds digit of 227376?
3
What is the hundreds digit of 37811?
8
What is the hundreds digit of 1128506?
5
What is the hundred thousands digit of 6585010?
5
What is the millions digit of 2675769?
2
What is the tens digit of 432590